{"id":28545,"date":"2023-07-18T08:26:08","date_gmt":"2023-07-18T08:26:08","guid":{"rendered":"https:\/\/arriva.sk\/nitra2\/?page_id=28545"},"modified":"2025-07-02T13:13:55","modified_gmt":"2025-07-02T11:13:55","slug":"predaj-miesteniek","status":"publish","type":"page","link":"https:\/\/arriva.sk\/nitra\/predaj-miesteniek\/","title":{"rendered":"Predaj miesteniek"},"content":{"rendered":"\t\t<div data-elementor-type=\"wp-page\" data-elementor-id=\"28545\" class=\"elementor elementor-28545\" data-elementor-post-type=\"page\">\n\t\t\t\t\t\t<section class=\"elementor-section elementor-top-section elementor-element elementor-element-638ece0b elementor-section-content-middle elementor-reverse-mobile elementor-section-boxed elementor-section-height-default elementor-section-height-default\" data-id=\"638ece0b\" data-element_type=\"section\" data-e-type=\"section\">\n\t\t\t\t\t\t<div class=\"elementor-container elementor-column-gap-default\">\n\t\t\t\t\t<div class=\"elementor-column elementor-col-100 elementor-top-column elementor-element elementor-element-5a0d9265\" data-id=\"5a0d9265\" data-element_type=\"column\" data-e-type=\"column\">\n\t\t\t<div class=\"elementor-widget-wrap elementor-element-populated\">\n\t\t\t\t\t\t<div class=\"elementor-element elementor-element-18477ae9 elementor-widget elementor-widget-heading\" data-id=\"18477ae9\" data-element_type=\"widget\" data-e-type=\"widget\" data-widget_type=\"heading.default\">\n\t\t\t\t<div class=\"elementor-widget-container\">\n\t\t\t\t\t<h2 class=\"elementor-heading-title elementor-size-default\">Predaj miesteniek<\/h2>\t\t\t\t<\/div>\n\t\t\t\t<\/div>\n\t\t\t\t\t<\/div>\n\t\t<\/div>\n\t\t\t\t\t<\/div>\n\t\t<\/section>\n\t\t\t\t<section class=\"elementor-section elementor-top-section elementor-element elementor-element-1529b071 elementor-section-boxed elementor-section-height-default elementor-section-height-default\" data-id=\"1529b071\" data-element_type=\"section\" data-e-type=\"section\">\n\t\t\t\t\t\t<div class=\"elementor-container elementor-column-gap-default\">\n\t\t\t\t\t<div class=\"elementor-column elementor-col-50 elementor-top-column elementor-element elementor-element-42dd147f\" data-id=\"42dd147f\" data-element_type=\"column\" data-e-type=\"column\">\n\t\t\t<div class=\"elementor-widget-wrap elementor-element-populated\">\n\t\t\t\t\t\t<div class=\"elementor-element elementor-element-4030471 elementor-widget elementor-widget-text-editor\" data-id=\"4030471\" data-element_type=\"widget\" data-e-type=\"widget\" data-widget_type=\"text-editor.default\">\n\t\t\t\t<div class=\"elementor-widget-container\">\n\t\t\t\t\t\t\t\t\t<p>Z\u00e1kazn\u00edcke centr\u00e1\u00a0s komplexnou ponukou slu\u017eieb\u00a0z\u00e1rove\u0148 pon\u00fakaj\u00fa aj predaj a miestenkovanie cestovn\u00fdch l\u00edstkov dia\u013ekov\u00fdch autobusov\u00fdch liniek prech\u00e1dzaj\u00facich pr\u00edslu\u0161n\u00fdmi mestami pre \u00fazemie Slovenskej a \u010ceskej republiky v syst\u00e9me AMS.<\/p><table width=\"100%\"><tbody><tr><td><strong>Z\u00e1kazn\u00edcke centrum<\/strong><\/td><td><strong>Otv\u00e1racia doba<\/strong><\/td><\/tr><tr><td><strong>Nitra, AS<\/strong><\/td><td><p>Po a Str.: 7:00 \u2013 17:00<\/p><p>Ut. , \u0160tv., Pia: 7:00 &#8211; 15:00<\/p><\/td><\/tr><tr><td><strong>Topo\u013e\u010dany, AS<\/strong><\/td><td>Po \u2013 Pi: 7:00 \u2013 15:00<br \/>obed. prest\u00e1vka: 11:30 \u2013 12:00<\/td><\/tr><tr><td><strong>Zlat\u00e9 Moravce, AS<\/strong><\/td><td>Utorok: 7:30 \u2013 15:30<br \/>\u0160tvrtok: 7:30 \u2013 15:30<br \/>obed. prest\u00e1vka: 11:00 \u2013 11:30<\/td><\/tr><\/tbody><\/table>\t\t\t\t\t\t\t\t<\/div>\n\t\t\t\t<\/div>\n\t\t\t\t\t<\/div>\n\t\t<\/div>\n\t\t\t\t<div class=\"elementor-column elementor-col-50 elementor-top-column elementor-element elementor-element-111d52e2\" data-id=\"111d52e2\" data-element_type=\"column\" data-e-type=\"column\">\n\t\t\t<div class=\"elementor-widget-wrap elementor-element-populated\">\n\t\t\t\t\t\t<div class=\"elementor-element elementor-element-ba21593 elementor-widget elementor-widget-image\" data-id=\"ba21593\" data-element_type=\"widget\" data-e-type=\"widget\" data-widget_type=\"image.default\">\n\t\t\t\t<div class=\"elementor-widget-container\">\n\t\t\t\t\t\t\t\t\t\t\t\t\t\t\t<img fetchpriority=\"high\" decoding=\"async\" width=\"1030\" height=\"688\" src=\"https:\/\/arriva.sk\/nitra\/wp-content\/uploads\/sites\/16\/2023\/06\/05-1030x688-1.jpg\" class=\"attachment-full size-full wp-image-28266\" alt=\"\" srcset=\"https:\/\/arriva.sk\/nitra\/wp-content\/uploads\/sites\/16\/2023\/06\/05-1030x688-1.jpg 1030w, https:\/\/arriva.sk\/nitra\/wp-content\/uploads\/sites\/16\/2023\/06\/05-1030x688-1-300x200.jpg 300w, https:\/\/arriva.sk\/nitra\/wp-content\/uploads\/sites\/16\/2023\/06\/05-1030x688-1-768x513.jpg 768w\" sizes=\"(max-width: 1030px) 100vw, 1030px\" \/>\t\t\t\t\t\t\t\t\t\t\t\t\t\t\t<\/div>\n\t\t\t\t<\/div>\n\t\t\t\t\t<\/div>\n\t\t<\/div>\n\t\t\t\t\t<\/div>\n\t\t<\/section>\n\t\t\t\t<\/div>\n\t\t","protected":false},"excerpt":{"rendered":"<p>Predaj miesteniek Z\u00e1kazn\u00edcke centr\u00e1\u00a0s komplexnou ponukou slu\u017eieb\u00a0z\u00e1rove\u0148 pon\u00fakaj\u00fa aj predaj a miestenkovanie cestovn\u00fdch l\u00edstkov dia\u013ekov\u00fdch autobusov\u00fdch liniek prech\u00e1dzaj\u00facich pr\u00edslu\u0161n\u00fdmi mestami pre \u00fazemie Slovenskej a \u010ceskej republiky v syst\u00e9me AMS. Z\u00e1kazn\u00edcke centrum Otv\u00e1racia doba Nitra, AS Po a Str.: 7:00 \u2013 17:00 Ut. , \u0160tv., Pia: 7:00 &#8211; 15:00 Topo\u013e\u010dany, AS Po \u2013 Pi: 7:00 \u2013 [&hellip;]<\/p>\n","protected":false},"author":1,"featured_media":0,"parent":0,"menu_order":0,"comment_status":"closed","ping_status":"closed","template":"","meta":{"_acf_changed":false,"footnotes":""},"class_list":["post-28545","page","type-page","status-publish","hentry"],"acf":[],"yoast_head":"<!-- This site is optimized with the Yoast SEO plugin v27.2 - https:\/\/yoast.com\/product\/yoast-seo-wordpress\/ -->\n<title>Miestenky - ARRIVA Nitra - Region\u00e1lna autobusov\u00e1 doprava<\/title>\n<meta name=\"description\" content=\"Miestenky pr\u00edmestskej region\u00e1lnej autobusovej dopravy v regi\u00f3noch - Nitra, Zlat\u00e9 Moravce, Topo\u013e\u010dany\" \/>\n<meta name=\"robots\" content=\"index, follow, max-snippet:-1, max-image-preview:large, max-video-preview:-1\" \/>\n<link rel=\"canonical\" href=\"https:\/\/arriva.sk\/nitra\/predaj-miesteniek\/\" \/>\n<meta property=\"og:locale\" content=\"sk_SK\" \/>\n<meta property=\"og:type\" content=\"article\" \/>\n<meta property=\"og:title\" content=\"Pr\u00edmestsk\u00e1 verejn\u00e1 doprava v 4 regi\u00f3noch \u2013 Bratislava, Malacky, Senec a \u0160amor\u00edn.\" \/>\n<meta property=\"og:description\" content=\"ARRIVA Mobility Solutions, s.r.o. zabezpe\u010duje v Bratislavskom kraji pr\u00edmestsk\u00fa verejn\u00fa dopravu v 4 regi\u00f3noch \u2013 Bratislava, Malacky, Senec a \u0160amor\u00edn.\" \/>\n<meta property=\"og:url\" content=\"https:\/\/arriva.sk\/nitra\/predaj-miesteniek\/\" \/>\n<meta property=\"og:site_name\" content=\"ARRIVA Nitra\" \/>\n<meta property=\"article:modified_time\" content=\"2025-07-02T11:13:55+00:00\" \/>\n<meta property=\"og:image\" content=\"https:\/\/arriva.sk\/nitra\/wp-content\/uploads\/sites\/16\/2021\/11\/01.png\" \/>\n\t<meta property=\"og:image:width\" content=\"932\" \/>\n\t<meta property=\"og:image:height\" content=\"809\" \/>\n\t<meta property=\"og:image:type\" content=\"image\/png\" \/>\n<meta name=\"twitter:card\" content=\"summary_large_image\" \/>\n<meta name=\"twitter:label1\" content=\"Predpokladan\u00fd \u010das \u010d\u00edtania\" \/>\n\t<meta name=\"twitter:data1\" content=\"1 min\u00fata\" \/>\n<script type=\"application\/ld+json\" class=\"yoast-schema-graph\">{\"@context\":\"https:\/\/schema.org\",\"@graph\":[{\"@type\":\"WebPage\",\"@id\":\"https:\/\/arriva.sk\/nitra\/predaj-miesteniek\/\",\"url\":\"https:\/\/arriva.sk\/nitra\/predaj-miesteniek\/\",\"name\":\"Miestenky - ARRIVA Nitra - Region\u00e1lna autobusov\u00e1 doprava\",\"isPartOf\":{\"@id\":\"https:\/\/arriva.sk\/nitra\/#website\"},\"primaryImageOfPage\":{\"@id\":\"https:\/\/arriva.sk\/nitra\/predaj-miesteniek\/#primaryimage\"},\"image\":{\"@id\":\"https:\/\/arriva.sk\/nitra\/predaj-miesteniek\/#primaryimage\"},\"thumbnailUrl\":\"https:\/\/arriva.sk\/nitra\/wp-content\/uploads\/sites\/16\/2023\/06\/05-1030x688-1.jpg\",\"datePublished\":\"2023-07-18T08:26:08+00:00\",\"dateModified\":\"2025-07-02T11:13:55+00:00\",\"description\":\"Miestenky pr\u00edmestskej region\u00e1lnej autobusovej dopravy v regi\u00f3noch - Nitra, Zlat\u00e9 Moravce, Topo\u013e\u010dany\",\"breadcrumb\":{\"@id\":\"https:\/\/arriva.sk\/nitra\/predaj-miesteniek\/#breadcrumb\"},\"inLanguage\":\"sk-SK\",\"potentialAction\":[{\"@type\":\"ReadAction\",\"target\":[\"https:\/\/arriva.sk\/nitra\/predaj-miesteniek\/\"]}]},{\"@type\":\"ImageObject\",\"inLanguage\":\"sk-SK\",\"@id\":\"https:\/\/arriva.sk\/nitra\/predaj-miesteniek\/#primaryimage\",\"url\":\"https:\/\/arriva.sk\/nitra\/wp-content\/uploads\/sites\/16\/2023\/06\/05-1030x688-1.jpg\",\"contentUrl\":\"https:\/\/arriva.sk\/nitra\/wp-content\/uploads\/sites\/16\/2023\/06\/05-1030x688-1.jpg\",\"width\":1030,\"height\":688},{\"@type\":\"BreadcrumbList\",\"@id\":\"https:\/\/arriva.sk\/nitra\/predaj-miesteniek\/#breadcrumb\",\"itemListElement\":[{\"@type\":\"ListItem\",\"position\":1,\"name\":\"Home\",\"item\":\"https:\/\/arriva.sk\/nitra\/\"},{\"@type\":\"ListItem\",\"position\":2,\"name\":\"Predaj miesteniek\"}]},{\"@type\":\"WebSite\",\"@id\":\"https:\/\/arriva.sk\/nitra\/#website\",\"url\":\"https:\/\/arriva.sk\/nitra\/\",\"name\":\"ARRIVA Nitra\",\"description\":\"Autobusov\u00e1 doprava v nitrianskom regi\u00f3ne\",\"publisher\":{\"@id\":\"https:\/\/arriva.sk\/nitra\/#organization\"},\"potentialAction\":[{\"@type\":\"SearchAction\",\"target\":{\"@type\":\"EntryPoint\",\"urlTemplate\":\"https:\/\/arriva.sk\/nitra\/?s={search_term_string}\"},\"query-input\":{\"@type\":\"PropertyValueSpecification\",\"valueRequired\":true,\"valueName\":\"search_term_string\"}}],\"inLanguage\":\"sk-SK\"},{\"@type\":\"Organization\",\"@id\":\"https:\/\/arriva.sk\/nitra\/#organization\",\"name\":\"ARRIVA Nitra\",\"url\":\"https:\/\/arriva.sk\/nitra\/\",\"logo\":{\"@type\":\"ImageObject\",\"inLanguage\":\"sk-SK\",\"@id\":\"https:\/\/arriva.sk\/nitra\/#\/schema\/logo\/image\/\",\"url\":\"https:\/\/arriva.sk\/nitra2\/wp-content\/uploads\/sites\/16\/2021\/11\/logo-nitra.png\",\"contentUrl\":\"https:\/\/arriva.sk\/nitra2\/wp-content\/uploads\/sites\/16\/2021\/11\/logo-nitra.png\",\"width\":300,\"height\":90,\"caption\":\"ARRIVA Nitra\"},\"image\":{\"@id\":\"https:\/\/arriva.sk\/nitra\/#\/schema\/logo\/image\/\"}}]}<\/script>\n<!-- \/ Yoast SEO plugin. -->","yoast_head_json":{"title":"Miestenky - ARRIVA Nitra - Region\u00e1lna autobusov\u00e1 doprava","description":"Miestenky pr\u00edmestskej region\u00e1lnej autobusovej dopravy v regi\u00f3noch - Nitra, Zlat\u00e9 Moravce, Topo\u013e\u010dany","robots":{"index":"index","follow":"follow","max-snippet":"max-snippet:-1","max-image-preview":"max-image-preview:large","max-video-preview":"max-video-preview:-1"},"canonical":"https:\/\/arriva.sk\/nitra\/predaj-miesteniek\/","og_locale":"sk_SK","og_type":"article","og_title":"Pr\u00edmestsk\u00e1 verejn\u00e1 doprava v 4 regi\u00f3noch \u2013 Bratislava, Malacky, Senec a \u0160amor\u00edn.","og_description":"ARRIVA Mobility Solutions, s.r.o. zabezpe\u010duje v Bratislavskom kraji pr\u00edmestsk\u00fa verejn\u00fa dopravu v 4 regi\u00f3noch \u2013 Bratislava, Malacky, Senec a \u0160amor\u00edn.","og_url":"https:\/\/arriva.sk\/nitra\/predaj-miesteniek\/","og_site_name":"ARRIVA Nitra","article_modified_time":"2025-07-02T11:13:55+00:00","og_image":[{"width":932,"height":809,"url":"https:\/\/arriva.sk\/nitra\/wp-content\/uploads\/sites\/16\/2021\/11\/01.png","type":"image\/png"}],"twitter_card":"summary_large_image","twitter_misc":{"Predpokladan\u00fd \u010das \u010d\u00edtania":"1 min\u00fata"},"schema":{"@context":"https:\/\/schema.org","@graph":[{"@type":"WebPage","@id":"https:\/\/arriva.sk\/nitra\/predaj-miesteniek\/","url":"https:\/\/arriva.sk\/nitra\/predaj-miesteniek\/","name":"Miestenky - ARRIVA Nitra - Region\u00e1lna autobusov\u00e1 doprava","isPartOf":{"@id":"https:\/\/arriva.sk\/nitra\/#website"},"primaryImageOfPage":{"@id":"https:\/\/arriva.sk\/nitra\/predaj-miesteniek\/#primaryimage"},"image":{"@id":"https:\/\/arriva.sk\/nitra\/predaj-miesteniek\/#primaryimage"},"thumbnailUrl":"https:\/\/arriva.sk\/nitra\/wp-content\/uploads\/sites\/16\/2023\/06\/05-1030x688-1.jpg","datePublished":"2023-07-18T08:26:08+00:00","dateModified":"2025-07-02T11:13:55+00:00","description":"Miestenky pr\u00edmestskej region\u00e1lnej autobusovej dopravy v regi\u00f3noch - Nitra, Zlat\u00e9 Moravce, Topo\u013e\u010dany","breadcrumb":{"@id":"https:\/\/arriva.sk\/nitra\/predaj-miesteniek\/#breadcrumb"},"inLanguage":"sk-SK","potentialAction":[{"@type":"ReadAction","target":["https:\/\/arriva.sk\/nitra\/predaj-miesteniek\/"]}]},{"@type":"ImageObject","inLanguage":"sk-SK","@id":"https:\/\/arriva.sk\/nitra\/predaj-miesteniek\/#primaryimage","url":"https:\/\/arriva.sk\/nitra\/wp-content\/uploads\/sites\/16\/2023\/06\/05-1030x688-1.jpg","contentUrl":"https:\/\/arriva.sk\/nitra\/wp-content\/uploads\/sites\/16\/2023\/06\/05-1030x688-1.jpg","width":1030,"height":688},{"@type":"BreadcrumbList","@id":"https:\/\/arriva.sk\/nitra\/predaj-miesteniek\/#breadcrumb","itemListElement":[{"@type":"ListItem","position":1,"name":"Home","item":"https:\/\/arriva.sk\/nitra\/"},{"@type":"ListItem","position":2,"name":"Predaj miesteniek"}]},{"@type":"WebSite","@id":"https:\/\/arriva.sk\/nitra\/#website","url":"https:\/\/arriva.sk\/nitra\/","name":"ARRIVA Nitra","description":"Autobusov\u00e1 doprava v nitrianskom regi\u00f3ne","publisher":{"@id":"https:\/\/arriva.sk\/nitra\/#organization"},"potentialAction":[{"@type":"SearchAction","target":{"@type":"EntryPoint","urlTemplate":"https:\/\/arriva.sk\/nitra\/?s={search_term_string}"},"query-input":{"@type":"PropertyValueSpecification","valueRequired":true,"valueName":"search_term_string"}}],"inLanguage":"sk-SK"},{"@type":"Organization","@id":"https:\/\/arriva.sk\/nitra\/#organization","name":"ARRIVA Nitra","url":"https:\/\/arriva.sk\/nitra\/","logo":{"@type":"ImageObject","inLanguage":"sk-SK","@id":"https:\/\/arriva.sk\/nitra\/#\/schema\/logo\/image\/","url":"https:\/\/arriva.sk\/nitra2\/wp-content\/uploads\/sites\/16\/2021\/11\/logo-nitra.png","contentUrl":"https:\/\/arriva.sk\/nitra2\/wp-content\/uploads\/sites\/16\/2021\/11\/logo-nitra.png","width":300,"height":90,"caption":"ARRIVA Nitra"},"image":{"@id":"https:\/\/arriva.sk\/nitra\/#\/schema\/logo\/image\/"}}]}},"_links":{"self":[{"href":"https:\/\/arriva.sk\/nitra\/wp-json\/wp\/v2\/pages\/28545","targetHints":{"allow":["GET"]}}],"collection":[{"href":"https:\/\/arriva.sk\/nitra\/wp-json\/wp\/v2\/pages"}],"about":[{"href":"https:\/\/arriva.sk\/nitra\/wp-json\/wp\/v2\/types\/page"}],"author":[{"embeddable":true,"href":"https:\/\/arriva.sk\/nitra\/wp-json\/wp\/v2\/users\/1"}],"replies":[{"embeddable":true,"href":"https:\/\/arriva.sk\/nitra\/wp-json\/wp\/v2\/comments?post=28545"}],"version-history":[{"count":3,"href":"https:\/\/arriva.sk\/nitra\/wp-json\/wp\/v2\/pages\/28545\/revisions"}],"predecessor-version":[{"id":31202,"href":"https:\/\/arriva.sk\/nitra\/wp-json\/wp\/v2\/pages\/28545\/revisions\/31202"}],"wp:attachment":[{"href":"https:\/\/arriva.sk\/nitra\/wp-json\/wp\/v2\/media?parent=28545"}],"curies":[{"name":"wp","href":"https:\/\/api.w.org\/{rel}","templated":true}]}}