{"id":30963,"date":"2024-01-20T16:19:16","date_gmt":"2024-01-20T16:19:16","guid":{"rendered":"https:\/\/arriva.sk\/midev\/?page_id=30963"},"modified":"2025-06-03T14:41:49","modified_gmt":"2025-06-03T14:41:49","slug":"doprava-na-zavolanie","status":"publish","type":"page","link":"https:\/\/arriva.sk\/michalovce\/doprava-na-zavolanie\/","title":{"rendered":"Doprava na zavolanie"},"content":{"rendered":"\t\t<div data-elementor-type=\"wp-page\" data-elementor-id=\"30963\" class=\"elementor elementor-30963\" data-elementor-post-type=\"page\">\n\t\t\t\t\t\t<section class=\"elementor-section elementor-top-section elementor-element elementor-element-1fabb96a elementor-section-content-middle elementor-reverse-mobile elementor-section-boxed elementor-section-height-default elementor-section-height-default\" data-id=\"1fabb96a\" data-element_type=\"section\" data-e-type=\"section\">\n\t\t\t\t\t\t<div class=\"elementor-container elementor-column-gap-default\">\n\t\t\t\t\t<div class=\"elementor-column elementor-col-50 elementor-top-column elementor-element elementor-element-12faaeef\" data-id=\"12faaeef\" data-element_type=\"column\" data-e-type=\"column\">\n\t\t\t<div class=\"elementor-widget-wrap elementor-element-populated\">\n\t\t\t\t\t\t<div class=\"elementor-element elementor-element-31763829 elementor-widget elementor-widget-heading\" data-id=\"31763829\" data-element_type=\"widget\" data-e-type=\"widget\" data-widget_type=\"heading.default\">\n\t\t\t\t<div class=\"elementor-widget-container\">\n\t\t\t\t\t<h2 class=\"elementor-heading-title elementor-size-default\">Doprava na zavolanie<\/h2>\t\t\t\t<\/div>\n\t\t\t\t<\/div>\n\t\t\t\t<div class=\"elementor-element elementor-element-58643b53 elementor-widget elementor-widget-text-editor\" data-id=\"58643b53\" data-element_type=\"widget\" data-e-type=\"widget\" data-widget_type=\"text-editor.default\">\n\t\t\t\t<div class=\"elementor-widget-container\">\n\t\t\t\t\t\t\t\t\t<p>Spolo\u010dnos\u0165 ARRIVA Michalovce, a.s. v\u010faka podpore Ko\u0161ick\u00e9ho samospr\u00e1vneho kraja zabezpe\u010duje dopravu na zavolanie na obsluhu od\u013eahlej\u0161\u00edch obc\u00ed s n\u00edzkou frekvenciou cestuj\u00facich.<\/p><p>Spoje bud\u00fa do vybran\u00fdch obc\u00ed\u00a0<strong>Petrikovce, Ha\u017e\u00edn, Ko\u0148u\u0161, Ka\u0161ov, By\u0161ta, Vojka, Ve\u013ek\u00e1 a Mal\u00e1 T\u0155\u0148a<\/strong>\u00a0zach\u00e1dza\u0165 vo vyzna\u010den\u00fdch \u010dasoch a prem\u00e1va\u0165 na z\u00e1klade telefonickej objedn\u00e1vky. V cestovnom poriadku s\u00fa dan\u00e9 \u00faseky v\u017edy vyzna\u010den\u00e9 symbolom telef\u00f3nu.<\/p>\t\t\t\t\t\t\t\t<\/div>\n\t\t\t\t<\/div>\n\t\t\t\t\t<\/div>\n\t\t<\/div>\n\t\t\t\t<div class=\"elementor-column elementor-col-50 elementor-top-column elementor-element elementor-element-1477be2b\" data-id=\"1477be2b\" data-element_type=\"column\" data-e-type=\"column\">\n\t\t\t<div class=\"elementor-widget-wrap elementor-element-populated\">\n\t\t\t\t\t\t<div class=\"elementor-element elementor-element-4d5484a0 elementor-widget elementor-widget-image\" data-id=\"4d5484a0\" data-element_type=\"widget\" data-e-type=\"widget\" data-widget_type=\"image.default\">\n\t\t\t\t<div class=\"elementor-widget-container\">\n\t\t\t\t\t\t\t\t\t\t\t\t\t\t\t<img fetchpriority=\"high\" decoding=\"async\" width=\"800\" height=\"502\" src=\"https:\/\/arriva.sk\/michalovce\/wp-content\/uploads\/sites\/20\/2024\/01\/AS-Michalovce-3-scaled-1-1030x646.jpg\" class=\"attachment-large size-large wp-image-30103\" alt=\"\" srcset=\"https:\/\/arriva.sk\/michalovce\/wp-content\/uploads\/sites\/20\/2024\/01\/AS-Michalovce-3-scaled-1-1030x646.jpg 1030w, https:\/\/arriva.sk\/michalovce\/wp-content\/uploads\/sites\/20\/2024\/01\/AS-Michalovce-3-scaled-1-300x188.jpg 300w, https:\/\/arriva.sk\/michalovce\/wp-content\/uploads\/sites\/20\/2024\/01\/AS-Michalovce-3-scaled-1-768x482.jpg 768w, https:\/\/arriva.sk\/michalovce\/wp-content\/uploads\/sites\/20\/2024\/01\/AS-Michalovce-3-scaled-1-1536x963.jpg 1536w, https:\/\/arriva.sk\/michalovce\/wp-content\/uploads\/sites\/20\/2024\/01\/AS-Michalovce-3-scaled-1-2048x1284.jpg 2048w, https:\/\/arriva.sk\/michalovce\/wp-content\/uploads\/sites\/20\/2024\/01\/AS-Michalovce-3-scaled-1-1320x828.jpg 1320w\" sizes=\"(max-width: 800px) 100vw, 800px\" \/>\t\t\t\t\t\t\t\t\t\t\t\t\t\t\t<\/div>\n\t\t\t\t<\/div>\n\t\t\t\t\t<\/div>\n\t\t<\/div>\n\t\t\t\t\t<\/div>\n\t\t<\/section>\n\t\t\t\t<section class=\"elementor-section elementor-top-section elementor-element elementor-element-14e9456c elementor-section-boxed elementor-section-height-default elementor-section-height-default\" data-id=\"14e9456c\" data-element_type=\"section\" data-e-type=\"section\" data-settings=\"{&quot;background_background&quot;:&quot;classic&quot;}\">\n\t\t\t\t\t\t<div class=\"elementor-container elementor-column-gap-default\">\n\t\t\t\t\t<div class=\"elementor-column elementor-col-100 elementor-top-column elementor-element elementor-element-5441e4f4\" data-id=\"5441e4f4\" data-element_type=\"column\" data-e-type=\"column\">\n\t\t\t<div class=\"elementor-widget-wrap elementor-element-populated\">\n\t\t\t\t\t\t<div class=\"elementor-element elementor-element-7ecc35d0 elementor-widget elementor-widget-heading\" data-id=\"7ecc35d0\" data-element_type=\"widget\" data-e-type=\"widget\" data-widget_type=\"heading.default\">\n\t\t\t\t<div class=\"elementor-widget-container\">\n\t\t\t\t\t<h2 class=\"elementor-heading-title elementor-size-default\">Ako si dopravu zarezervova\u0165?<\/h2>\t\t\t\t<\/div>\n\t\t\t\t<\/div>\n\t\t\t\t<div class=\"elementor-element elementor-element-f4dc2a7 elementor-widget elementor-widget-text-editor\" data-id=\"f4dc2a7\" data-element_type=\"widget\" data-e-type=\"widget\" data-widget_type=\"text-editor.default\">\n\t\t\t\t<div class=\"elementor-widget-container\">\n\t\t\t\t\t\t\t\t\t<ul><li>cestuj\u00faci zavol\u00e1 najnesk\u00f4r 60 min. pred odchodom spoja z v\u00fdchodiskovej zast\u00e1vky na tel. \u010d.<strong>\u00a00905 931 945<\/strong><\/li><li>cestuj\u00faci nahl\u00e1si zast\u00e1vku a \u010das \/pr\u00edp. \u010d\u00edslo spoja\/, kedy chce spoj vyu\u017ei\u0165<\/li><li>spoje na zavolanie je mo\u017en\u00e9 rezervova\u0165 v de\u0148 odchodu spoja<\/li><\/ul><p>\u00a0<\/p>\t\t\t\t\t\t\t\t<\/div>\n\t\t\t\t<\/div>\n\t\t\t\t<div class=\"elementor-element elementor-element-406e8cb elementor-widget elementor-widget-text-editor\" data-id=\"406e8cb\" data-element_type=\"widget\" data-e-type=\"widget\" data-widget_type=\"text-editor.default\">\n\t\t\t\t<div class=\"elementor-widget-container\">\n\t\t\t\t\t\t\t\t\t<p>Bez predo\u0161lej telefonickej objedn\u00e1vky spoje v \u00faseku ozna\u010denom symbolom telef\u00f3nu, nebud\u00fa prem\u00e1va\u0165.<br><\/p><p>Ak cestuj\u00faci napokon nechce vyu\u017ei\u0165 u\u017e objednan\u00fd spoj, je povinn\u00fd svoju po\u017eiadavku telefonicky stornova\u0165<br>minim\u00e1lne<strong>&nbsp;60 min.<\/strong>&nbsp;pred odchodom spoja z v\u00fdchodiskovej zast\u00e1vky.<\/p>\t\t\t\t\t\t\t\t<\/div>\n\t\t\t\t<\/div>\n\t\t\t\t\t<\/div>\n\t\t<\/div>\n\t\t\t\t\t<\/div>\n\t\t<\/section>\n\t\t\t\t<section class=\"elementor-section elementor-top-section elementor-element elementor-element-b4f5baa elementor-section-boxed elementor-section-height-default elementor-section-height-default\" data-id=\"b4f5baa\" data-element_type=\"section\" data-e-type=\"section\">\n\t\t\t\t\t\t<div class=\"elementor-container elementor-column-gap-default\">\n\t\t\t\t\t<div class=\"elementor-column elementor-col-100 elementor-top-column elementor-element elementor-element-8e94b25\" data-id=\"8e94b25\" data-element_type=\"column\" data-e-type=\"column\">\n\t\t\t<div class=\"elementor-widget-wrap elementor-element-populated\">\n\t\t\t\t\t\t<div class=\"elementor-element elementor-element-c18bc1d elementor-widget elementor-widget-image\" data-id=\"c18bc1d\" data-element_type=\"widget\" data-e-type=\"widget\" data-widget_type=\"image.default\">\n\t\t\t\t<div class=\"elementor-widget-container\">\n\t\t\t\t\t\t\t\t\t\t\t\t\t\t\t\t<a href=\"https:\/\/arriva.sk\/michalovce\/wp-content\/uploads\/sites\/20\/2025\/06\/Doprava-na-zavolanie_AMI_2025.png\">\n\t\t\t\t\t\t\t<img decoding=\"async\" width=\"1280\" height=\"720\" src=\"https:\/\/arriva.sk\/michalovce\/wp-content\/uploads\/sites\/20\/2025\/06\/Doprava-na-zavolanie_AMI_2025.png\" class=\"attachment-full size-full wp-image-31642\" alt=\"\" srcset=\"https:\/\/arriva.sk\/michalovce\/wp-content\/uploads\/sites\/20\/2025\/06\/Doprava-na-zavolanie_AMI_2025.png 1280w, https:\/\/arriva.sk\/michalovce\/wp-content\/uploads\/sites\/20\/2025\/06\/Doprava-na-zavolanie_AMI_2025-300x169.png 300w, https:\/\/arriva.sk\/michalovce\/wp-content\/uploads\/sites\/20\/2025\/06\/Doprava-na-zavolanie_AMI_2025-1030x579.png 1030w, https:\/\/arriva.sk\/michalovce\/wp-content\/uploads\/sites\/20\/2025\/06\/Doprava-na-zavolanie_AMI_2025-768x432.png 768w\" sizes=\"(max-width: 1280px) 100vw, 1280px\" \/>\t\t\t\t\t\t\t\t<\/a>\n\t\t\t\t\t\t\t\t\t\t\t\t\t\t\t<\/div>\n\t\t\t\t<\/div>\n\t\t\t\t\t<\/div>\n\t\t<\/div>\n\t\t\t\t\t<\/div>\n\t\t<\/section>\n\t\t\t\t<\/div>\n\t\t","protected":false},"excerpt":{"rendered":"<p>Doprava na zavolanie Spolo\u010dnos\u0165 ARRIVA Michalovce, a.s. v\u010faka podpore Ko\u0161ick\u00e9ho samospr\u00e1vneho kraja zabezpe\u010duje dopravu na zavolanie na obsluhu od\u013eahlej\u0161\u00edch obc\u00ed s n\u00edzkou frekvenciou cestuj\u00facich. Spoje bud\u00fa do vybran\u00fdch obc\u00ed\u00a0Petrikovce, Ha\u017e\u00edn, Ko\u0148u\u0161, Ka\u0161ov, By\u0161ta, Vojka, Ve\u013ek\u00e1 a Mal\u00e1 T\u0155\u0148a\u00a0zach\u00e1dza\u0165 vo vyzna\u010den\u00fdch \u010dasoch a prem\u00e1va\u0165 na z\u00e1klade telefonickej objedn\u00e1vky. V cestovnom poriadku s\u00fa dan\u00e9 \u00faseky v\u017edy vyzna\u010den\u00e9 [&hellip;]<\/p>\n","protected":false},"author":1,"featured_media":0,"parent":0,"menu_order":0,"comment_status":"closed","ping_status":"closed","template":"","meta":{"_acf_changed":false,"footnotes":""},"class_list":["post-30963","page","type-page","status-publish","hentry"],"acf":[],"yoast_head":"<!-- This site is optimized with the Yoast SEO plugin v27.2 - https:\/\/yoast.com\/product\/yoast-seo-wordpress\/ -->\n<title>Doprava na zavolanie<\/title>\n<meta name=\"description\" content=\"Doprava na zavolanie\" \/>\n<meta name=\"robots\" content=\"index, follow, max-snippet:-1, max-image-preview:large, max-video-preview:-1\" \/>\n<link rel=\"canonical\" href=\"https:\/\/arriva.sk\/michalovce\/doprava-na-zavolanie\/\" \/>\n<meta property=\"og:locale\" content=\"sk_SK\" \/>\n<meta property=\"og:type\" content=\"article\" \/>\n<meta property=\"og:title\" content=\"Cestovn\u00e9 poriadky autobusovej dopravy v Bratislavskom kraji\" \/>\n<meta property=\"og:description\" content=\"Doprava na zavolanie\" \/>\n<meta property=\"og:url\" content=\"https:\/\/arriva.sk\/michalovce\/doprava-na-zavolanie\/\" \/>\n<meta property=\"og:site_name\" content=\"ARRIVA Michalovce\" \/>\n<meta property=\"article:modified_time\" content=\"2025-06-03T14:41:49+00:00\" \/>\n<meta property=\"og:image\" content=\"https:\/\/arriva.sk\/michalovce\/wp-content\/uploads\/sites\/20\/2024\/01\/AS-Michalovce-3-scaled-1-1030x646.jpg\" \/>\n<meta name=\"twitter:card\" content=\"summary_large_image\" \/>\n<meta name=\"twitter:label1\" content=\"Predpokladan\u00fd \u010das \u010d\u00edtania\" \/>\n\t<meta name=\"twitter:data1\" content=\"2 min\u00faty\" \/>\n<script type=\"application\/ld+json\" class=\"yoast-schema-graph\">{\"@context\":\"https:\/\/schema.org\",\"@graph\":[{\"@type\":\"WebPage\",\"@id\":\"https:\/\/arriva.sk\/michalovce\/doprava-na-zavolanie\/\",\"url\":\"https:\/\/arriva.sk\/michalovce\/doprava-na-zavolanie\/\",\"name\":\"Doprava na zavolanie\",\"isPartOf\":{\"@id\":\"https:\/\/arriva.sk\/michalovce\/#website\"},\"primaryImageOfPage\":{\"@id\":\"https:\/\/arriva.sk\/michalovce\/doprava-na-zavolanie\/#primaryimage\"},\"image\":{\"@id\":\"https:\/\/arriva.sk\/michalovce\/doprava-na-zavolanie\/#primaryimage\"},\"thumbnailUrl\":\"https:\/\/arriva.sk\/michalovce\/wp-content\/uploads\/sites\/20\/2024\/01\/AS-Michalovce-3-scaled-1-1030x646.jpg\",\"datePublished\":\"2024-01-20T16:19:16+00:00\",\"dateModified\":\"2025-06-03T14:41:49+00:00\",\"description\":\"Doprava na zavolanie\",\"breadcrumb\":{\"@id\":\"https:\/\/arriva.sk\/michalovce\/doprava-na-zavolanie\/#breadcrumb\"},\"inLanguage\":\"sk-SK\",\"potentialAction\":[{\"@type\":\"ReadAction\",\"target\":[\"https:\/\/arriva.sk\/michalovce\/doprava-na-zavolanie\/\"]}]},{\"@type\":\"ImageObject\",\"inLanguage\":\"sk-SK\",\"@id\":\"https:\/\/arriva.sk\/michalovce\/doprava-na-zavolanie\/#primaryimage\",\"url\":\"https:\/\/arriva.sk\/michalovce\/wp-content\/uploads\/sites\/20\/2024\/01\/AS-Michalovce-3-scaled-1.jpg\",\"contentUrl\":\"https:\/\/arriva.sk\/michalovce\/wp-content\/uploads\/sites\/20\/2024\/01\/AS-Michalovce-3-scaled-1.jpg\",\"width\":2560,\"height\":1605},{\"@type\":\"BreadcrumbList\",\"@id\":\"https:\/\/arriva.sk\/michalovce\/doprava-na-zavolanie\/#breadcrumb\",\"itemListElement\":[{\"@type\":\"ListItem\",\"position\":1,\"name\":\"Home\",\"item\":\"https:\/\/arriva.sk\/michalovce\/\"},{\"@type\":\"ListItem\",\"position\":2,\"name\":\"Doprava na zavolanie\"}]},{\"@type\":\"WebSite\",\"@id\":\"https:\/\/arriva.sk\/michalovce\/#website\",\"url\":\"https:\/\/arriva.sk\/michalovce\/\",\"name\":\"ARRIVA Michalovce\",\"description\":\"Autobusov\u00e1 doprava v ko\u0161ickom regi\u00f3ne\",\"publisher\":{\"@id\":\"https:\/\/arriva.sk\/michalovce\/#organization\"},\"potentialAction\":[{\"@type\":\"SearchAction\",\"target\":{\"@type\":\"EntryPoint\",\"urlTemplate\":\"https:\/\/arriva.sk\/michalovce\/?s={search_term_string}\"},\"query-input\":{\"@type\":\"PropertyValueSpecification\",\"valueRequired\":true,\"valueName\":\"search_term_string\"}}],\"inLanguage\":\"sk-SK\"},{\"@type\":\"Organization\",\"@id\":\"https:\/\/arriva.sk\/michalovce\/#organization\",\"name\":\"ARRIVA Nitra\",\"url\":\"https:\/\/arriva.sk\/michalovce\/\",\"logo\":{\"@type\":\"ImageObject\",\"inLanguage\":\"sk-SK\",\"@id\":\"https:\/\/arriva.sk\/michalovce\/#\/schema\/logo\/image\/\",\"url\":\"https:\/\/arriva.sk\/midev\/wp-content\/uploads\/sites\/20\/2021\/11\/logo-nitra.png\",\"contentUrl\":\"https:\/\/arriva.sk\/midev\/wp-content\/uploads\/sites\/20\/2021\/11\/logo-nitra.png\",\"width\":300,\"height\":90,\"caption\":\"ARRIVA Nitra\"},\"image\":{\"@id\":\"https:\/\/arriva.sk\/michalovce\/#\/schema\/logo\/image\/\"}}]}<\/script>\n<!-- \/ Yoast SEO plugin. -->","yoast_head_json":{"title":"Doprava na zavolanie","description":"Doprava na zavolanie","robots":{"index":"index","follow":"follow","max-snippet":"max-snippet:-1","max-image-preview":"max-image-preview:large","max-video-preview":"max-video-preview:-1"},"canonical":"https:\/\/arriva.sk\/michalovce\/doprava-na-zavolanie\/","og_locale":"sk_SK","og_type":"article","og_title":"Cestovn\u00e9 poriadky autobusovej dopravy v Bratislavskom kraji","og_description":"Doprava na zavolanie","og_url":"https:\/\/arriva.sk\/michalovce\/doprava-na-zavolanie\/","og_site_name":"ARRIVA Michalovce","article_modified_time":"2025-06-03T14:41:49+00:00","og_image":[{"url":"https:\/\/arriva.sk\/michalovce\/wp-content\/uploads\/sites\/20\/2024\/01\/AS-Michalovce-3-scaled-1-1030x646.jpg","type":"","width":"","height":""}],"twitter_card":"summary_large_image","twitter_misc":{"Predpokladan\u00fd \u010das \u010d\u00edtania":"2 min\u00faty"},"schema":{"@context":"https:\/\/schema.org","@graph":[{"@type":"WebPage","@id":"https:\/\/arriva.sk\/michalovce\/doprava-na-zavolanie\/","url":"https:\/\/arriva.sk\/michalovce\/doprava-na-zavolanie\/","name":"Doprava na zavolanie","isPartOf":{"@id":"https:\/\/arriva.sk\/michalovce\/#website"},"primaryImageOfPage":{"@id":"https:\/\/arriva.sk\/michalovce\/doprava-na-zavolanie\/#primaryimage"},"image":{"@id":"https:\/\/arriva.sk\/michalovce\/doprava-na-zavolanie\/#primaryimage"},"thumbnailUrl":"https:\/\/arriva.sk\/michalovce\/wp-content\/uploads\/sites\/20\/2024\/01\/AS-Michalovce-3-scaled-1-1030x646.jpg","datePublished":"2024-01-20T16:19:16+00:00","dateModified":"2025-06-03T14:41:49+00:00","description":"Doprava na zavolanie","breadcrumb":{"@id":"https:\/\/arriva.sk\/michalovce\/doprava-na-zavolanie\/#breadcrumb"},"inLanguage":"sk-SK","potentialAction":[{"@type":"ReadAction","target":["https:\/\/arriva.sk\/michalovce\/doprava-na-zavolanie\/"]}]},{"@type":"ImageObject","inLanguage":"sk-SK","@id":"https:\/\/arriva.sk\/michalovce\/doprava-na-zavolanie\/#primaryimage","url":"https:\/\/arriva.sk\/michalovce\/wp-content\/uploads\/sites\/20\/2024\/01\/AS-Michalovce-3-scaled-1.jpg","contentUrl":"https:\/\/arriva.sk\/michalovce\/wp-content\/uploads\/sites\/20\/2024\/01\/AS-Michalovce-3-scaled-1.jpg","width":2560,"height":1605},{"@type":"BreadcrumbList","@id":"https:\/\/arriva.sk\/michalovce\/doprava-na-zavolanie\/#breadcrumb","itemListElement":[{"@type":"ListItem","position":1,"name":"Home","item":"https:\/\/arriva.sk\/michalovce\/"},{"@type":"ListItem","position":2,"name":"Doprava na zavolanie"}]},{"@type":"WebSite","@id":"https:\/\/arriva.sk\/michalovce\/#website","url":"https:\/\/arriva.sk\/michalovce\/","name":"ARRIVA Michalovce","description":"Autobusov\u00e1 doprava v ko\u0161ickom regi\u00f3ne","publisher":{"@id":"https:\/\/arriva.sk\/michalovce\/#organization"},"potentialAction":[{"@type":"SearchAction","target":{"@type":"EntryPoint","urlTemplate":"https:\/\/arriva.sk\/michalovce\/?s={search_term_string}"},"query-input":{"@type":"PropertyValueSpecification","valueRequired":true,"valueName":"search_term_string"}}],"inLanguage":"sk-SK"},{"@type":"Organization","@id":"https:\/\/arriva.sk\/michalovce\/#organization","name":"ARRIVA Nitra","url":"https:\/\/arriva.sk\/michalovce\/","logo":{"@type":"ImageObject","inLanguage":"sk-SK","@id":"https:\/\/arriva.sk\/michalovce\/#\/schema\/logo\/image\/","url":"https:\/\/arriva.sk\/midev\/wp-content\/uploads\/sites\/20\/2021\/11\/logo-nitra.png","contentUrl":"https:\/\/arriva.sk\/midev\/wp-content\/uploads\/sites\/20\/2021\/11\/logo-nitra.png","width":300,"height":90,"caption":"ARRIVA Nitra"},"image":{"@id":"https:\/\/arriva.sk\/michalovce\/#\/schema\/logo\/image\/"}}]}},"_links":{"self":[{"href":"https:\/\/arriva.sk\/michalovce\/wp-json\/wp\/v2\/pages\/30963","targetHints":{"allow":["GET"]}}],"collection":[{"href":"https:\/\/arriva.sk\/michalovce\/wp-json\/wp\/v2\/pages"}],"about":[{"href":"https:\/\/arriva.sk\/michalovce\/wp-json\/wp\/v2\/types\/page"}],"author":[{"embeddable":true,"href":"https:\/\/arriva.sk\/michalovce\/wp-json\/wp\/v2\/users\/1"}],"replies":[{"embeddable":true,"href":"https:\/\/arriva.sk\/michalovce\/wp-json\/wp\/v2\/comments?post=30963"}],"version-history":[{"count":25,"href":"https:\/\/arriva.sk\/michalovce\/wp-json\/wp\/v2\/pages\/30963\/revisions"}],"predecessor-version":[{"id":31649,"href":"https:\/\/arriva.sk\/michalovce\/wp-json\/wp\/v2\/pages\/30963\/revisions\/31649"}],"wp:attachment":[{"href":"https:\/\/arriva.sk\/michalovce\/wp-json\/wp\/v2\/media?parent=30963"}],"curies":[{"name":"wp","href":"https:\/\/api.w.org\/{rel}","templated":true}]}}