{"id":15320,"date":"2021-10-20T16:57:30","date_gmt":"2021-10-20T16:57:30","guid":{"rendered":"https:\/\/arriva.sk\/ba\/?page_id=15320"},"modified":"2025-01-15T21:22:04","modified_gmt":"2025-01-15T21:22:04","slug":"cestovne-poriadky","status":"publish","type":"page","link":"https:\/\/arriva.sk\/michalovce\/cestovne-poriadky\/","title":{"rendered":"Cestovn\u00e9 poriadky"},"content":{"rendered":"\t\t<div data-elementor-type=\"wp-page\" data-elementor-id=\"15320\" class=\"elementor elementor-15320\" data-elementor-post-type=\"page\">\n\t\t\t\t\t\t<section class=\"elementor-section elementor-top-section elementor-element elementor-element-26213922 elementor-section-content-middle elementor-reverse-mobile elementor-section-boxed elementor-section-height-default elementor-section-height-default\" data-id=\"26213922\" data-element_type=\"section\" data-e-type=\"section\">\n\t\t\t\t\t\t<div class=\"elementor-container elementor-column-gap-default\">\n\t\t\t\t\t<div class=\"elementor-column elementor-col-50 elementor-top-column elementor-element elementor-element-f427949\" data-id=\"f427949\" data-element_type=\"column\" data-e-type=\"column\">\n\t\t\t<div class=\"elementor-widget-wrap elementor-element-populated\">\n\t\t\t\t\t\t<div class=\"elementor-element elementor-element-705706a5 elementor-widget elementor-widget-heading\" data-id=\"705706a5\" data-element_type=\"widget\" data-e-type=\"widget\" data-widget_type=\"heading.default\">\n\t\t\t\t<div class=\"elementor-widget-container\">\n\t\t\t\t\t<h2 class=\"elementor-heading-title elementor-size-default\">Cestovn\u00e9 poriadky<\/h2>\t\t\t\t<\/div>\n\t\t\t\t<\/div>\n\t\t\t\t<div class=\"elementor-element elementor-element-811cc6d elementor-widget elementor-widget-text-editor\" data-id=\"811cc6d\" data-element_type=\"widget\" data-e-type=\"widget\" data-widget_type=\"text-editor.default\">\n\t\t\t\t<div class=\"elementor-widget-container\">\n\t\t\t\t\t\t\t\t\tCestovn\u00fd poriadok pon\u00faka s\u00fahrnn\u00fd preh\u013ead v\u0161etk\u00fdch spojov danej linky. Vyh\u013eadajte si spojenie alebo n\u00e1jdite cestovn\u00fd poriadok v\u00e1\u0161ho spoja\t\t\t\t\t\t\t\t<\/div>\n\t\t\t\t<\/div>\n\t\t\t\t<section class=\"elementor-section elementor-inner-section elementor-element elementor-element-2109f3d6 elementor-section-boxed elementor-section-height-default elementor-section-height-default\" data-id=\"2109f3d6\" data-element_type=\"section\" data-e-type=\"section\">\n\t\t\t\t\t\t<div class=\"elementor-container elementor-column-gap-default\">\n\t\t\t\t\t<div class=\"elementor-column elementor-col-100 elementor-inner-column elementor-element elementor-element-d67bcac\" data-id=\"d67bcac\" data-element_type=\"column\" data-e-type=\"column\">\n\t\t\t<div class=\"elementor-widget-wrap elementor-element-populated\">\n\t\t\t\t\t\t<div class=\"elementor-element elementor-element-d227db5 elementor-align-left elementor-widget elementor-widget-button\" data-id=\"d227db5\" data-element_type=\"widget\" data-e-type=\"widget\" data-widget_type=\"button.default\">\n\t\t\t\t<div class=\"elementor-widget-container\">\n\t\t\t\t\t\t\t\t\t<div class=\"elementor-button-wrapper\">\n\t\t\t\t\t<a class=\"elementor-button elementor-button-link elementor-size-md\" href=\"https:\/\/arriva.sk\/michalovce\/regionalna-doprava\/cestovne-poriadky\/\" id=\"#infolinka\">\n\t\t\t\t\t\t<span class=\"elementor-button-content-wrapper\">\n\t\t\t\t\t\t<span class=\"elementor-button-icon\">\n\t\t\t\t<i aria-hidden=\"true\" class=\"fas fa-long-arrow-alt-right\"><\/i>\t\t\t<\/span>\n\t\t\t\t\t\t\t\t\t<span class=\"elementor-button-text\">Cestovn\u00e9 poriadky region\u00e1lnej autobusovej dopravy<\/span>\n\t\t\t\t\t<\/span>\n\t\t\t\t\t<\/a>\n\t\t\t\t<\/div>\n\t\t\t\t\t\t\t\t<\/div>\n\t\t\t\t<\/div>\n\t\t\t\t\t<\/div>\n\t\t<\/div>\n\t\t\t\t\t<\/div>\n\t\t<\/section>\n\t\t\t\t<section class=\"elementor-section elementor-inner-section elementor-element elementor-element-fa12358 elementor-section-boxed elementor-section-height-default elementor-section-height-default\" data-id=\"fa12358\" data-element_type=\"section\" data-e-type=\"section\">\n\t\t\t\t\t\t<div class=\"elementor-container elementor-column-gap-default\">\n\t\t\t\t\t<div class=\"elementor-column elementor-col-100 elementor-inner-column elementor-element elementor-element-d22ab79\" data-id=\"d22ab79\" data-element_type=\"column\" data-e-type=\"column\">\n\t\t\t<div class=\"elementor-widget-wrap elementor-element-populated\">\n\t\t\t\t\t\t<div class=\"elementor-element elementor-element-8f5ec54 elementor-align-left elementor-widget elementor-widget-button\" data-id=\"8f5ec54\" data-element_type=\"widget\" data-e-type=\"widget\" data-widget_type=\"button.default\">\n\t\t\t\t<div class=\"elementor-widget-container\">\n\t\t\t\t\t\t\t\t\t<div class=\"elementor-button-wrapper\">\n\t\t\t\t\t<a class=\"elementor-button elementor-button-link elementor-size-md\" href=\"https:\/\/arriva.sk\/michalovce\/mestska-doprava\/cestovne-poriadky\/#trebisov%20\" id=\"#infolinka\">\n\t\t\t\t\t\t<span class=\"elementor-button-content-wrapper\">\n\t\t\t\t\t\t<span class=\"elementor-button-icon\">\n\t\t\t\t<i aria-hidden=\"true\" class=\"fas fa-long-arrow-alt-right\"><\/i>\t\t\t<\/span>\n\t\t\t\t\t\t\t\t\t<span class=\"elementor-button-text\">Cestovn\u00e9 poriadky mestskej autobusovej dopravy<\/span>\n\t\t\t\t\t<\/span>\n\t\t\t\t\t<\/a>\n\t\t\t\t<\/div>\n\t\t\t\t\t\t\t\t<\/div>\n\t\t\t\t<\/div>\n\t\t\t\t\t<\/div>\n\t\t<\/div>\n\t\t\t\t\t<\/div>\n\t\t<\/section>\n\t\t\t\t\t<\/div>\n\t\t<\/div>\n\t\t\t\t<div class=\"elementor-column elementor-col-50 elementor-top-column elementor-element elementor-element-94a91a1\" data-id=\"94a91a1\" data-element_type=\"column\" data-e-type=\"column\">\n\t\t\t<div class=\"elementor-widget-wrap elementor-element-populated\">\n\t\t\t\t\t\t<div class=\"elementor-element elementor-element-68ac8339 elementor-widget elementor-widget-image\" data-id=\"68ac8339\" data-element_type=\"widget\" data-e-type=\"widget\" data-widget_type=\"image.default\">\n\t\t\t\t<div class=\"elementor-widget-container\">\n\t\t\t\t\t\t\t\t\t\t\t\t\t\t\t<img fetchpriority=\"high\" decoding=\"async\" width=\"800\" height=\"534\" src=\"https:\/\/arriva.sk\/michalovce\/wp-content\/uploads\/sites\/20\/2024\/01\/403754893_819530863516629_9216473722984392749_n-1030x687.jpg\" class=\"attachment-large size-large wp-image-30798\" alt=\"\" srcset=\"https:\/\/arriva.sk\/michalovce\/wp-content\/uploads\/sites\/20\/2024\/01\/403754893_819530863516629_9216473722984392749_n-1030x687.jpg 1030w, https:\/\/arriva.sk\/michalovce\/wp-content\/uploads\/sites\/20\/2024\/01\/403754893_819530863516629_9216473722984392749_n-300x200.jpg 300w, https:\/\/arriva.sk\/michalovce\/wp-content\/uploads\/sites\/20\/2024\/01\/403754893_819530863516629_9216473722984392749_n-768x512.jpg 768w, https:\/\/arriva.sk\/michalovce\/wp-content\/uploads\/sites\/20\/2024\/01\/403754893_819530863516629_9216473722984392749_n-1320x880.jpg 1320w, https:\/\/arriva.sk\/michalovce\/wp-content\/uploads\/sites\/20\/2024\/01\/403754893_819530863516629_9216473722984392749_n.jpg 1440w\" sizes=\"(max-width: 800px) 100vw, 800px\" \/>\t\t\t\t\t\t\t\t\t\t\t\t\t\t\t<\/div>\n\t\t\t\t<\/div>\n\t\t\t\t\t<\/div>\n\t\t<\/div>\n\t\t\t\t\t<\/div>\n\t\t<\/section>\n\t\t\t\t<section class=\"elementor-section elementor-top-section elementor-element elementor-element-69c821a7 elementor-section-boxed elementor-section-height-default elementor-section-height-default\" data-id=\"69c821a7\" data-element_type=\"section\" data-e-type=\"section\" data-settings=\"{&quot;background_background&quot;:&quot;classic&quot;}\">\n\t\t\t\t\t\t<div class=\"elementor-container elementor-column-gap-default\">\n\t\t\t\t\t<div class=\"elementor-column elementor-col-100 elementor-top-column elementor-element elementor-element-4487ee73\" data-id=\"4487ee73\" data-element_type=\"column\" data-e-type=\"column\">\n\t\t\t<div class=\"elementor-widget-wrap elementor-element-populated\">\n\t\t\t\t\t\t<div class=\"elementor-element elementor-element-76b3bf26 elementor-widget elementor-widget-heading\" data-id=\"76b3bf26\" data-element_type=\"widget\" data-e-type=\"widget\" data-widget_type=\"heading.default\">\n\t\t\t\t<div class=\"elementor-widget-container\">\n\t\t\t\t\t<h2 class=\"elementor-heading-title elementor-size-default\">Region\u00e1lna autobusov\u00e1 doprava<\/h2>\t\t\t\t<\/div>\n\t\t\t\t<\/div>\n\t\t\t\t<section class=\"elementor-section elementor-inner-section elementor-element elementor-element-2c5138e1 elementor-section-boxed elementor-section-height-default elementor-section-height-default\" data-id=\"2c5138e1\" data-element_type=\"section\" data-e-type=\"section\">\n\t\t\t\t\t\t<div class=\"elementor-container elementor-column-gap-default\">\n\t\t\t\t\t<div class=\"elementor-column elementor-col-33 elementor-inner-column elementor-element elementor-element-7507ea1f\" data-id=\"7507ea1f\" data-element_type=\"column\" data-e-type=\"column\">\n\t\t\t<div class=\"elementor-widget-wrap elementor-element-populated\">\n\t\t\t\t\t\t<div class=\"elementor-element elementor-element-3bda750b elementor-view-default elementor-position-block-start elementor-mobile-position-block-start elementor-widget elementor-widget-icon-box\" data-id=\"3bda750b\" data-element_type=\"widget\" data-e-type=\"widget\" data-widget_type=\"icon-box.default\">\n\t\t\t\t<div class=\"elementor-widget-container\">\n\t\t\t\t\t\t\t<div class=\"elementor-icon-box-wrapper\">\n\n\t\t\t\t\t\t<div class=\"elementor-icon-box-icon\">\n\t\t\t\t<span  class=\"elementor-icon\">\n\t\t\t\t<i aria-hidden=\"true\" class=\"fas fa-bus\"><\/i>\t\t\t\t<\/span>\n\t\t\t<\/div>\n\t\t\t\n\t\t\t\t\t\t<div class=\"elementor-icon-box-content\">\n\n\t\t\t\t\t\t\t\t\t<h3 class=\"elementor-icon-box-title\">\n\t\t\t\t\t\t<span  >\n\t\t\t\t\t\t\tRegi\u00f3n Michalovce\t\t\t\t\t\t<\/span>\n\t\t\t\t\t<\/h3>\n\t\t\t\t\n\t\t\t\t\n\t\t\t<\/div>\n\t\t\t\n\t\t<\/div>\n\t\t\t\t\t\t<\/div>\n\t\t\t\t<\/div>\n\t\t\t\t<div class=\"elementor-element elementor-element-1ad1466 elementor-widget elementor-widget-text-editor\" data-id=\"1ad1466\" data-element_type=\"widget\" data-e-type=\"widget\" data-widget_type=\"text-editor.default\">\n\t\t\t\t<div class=\"elementor-widget-container\">\n\t\t\t\t\t\t\t\t\t<a href=\"https:\/\/arriva.sk\/michalovce\/regionalna-doprava\/cestovne-poriadky\/#michalovce\">21 liniek<\/a>\t\t\t\t\t\t\t\t<\/div>\n\t\t\t\t<\/div>\n\t\t\t\t\t<\/div>\n\t\t<\/div>\n\t\t\t\t<div class=\"elementor-column elementor-col-33 elementor-inner-column elementor-element elementor-element-21dfa0ef\" data-id=\"21dfa0ef\" data-element_type=\"column\" data-e-type=\"column\">\n\t\t\t<div class=\"elementor-widget-wrap elementor-element-populated\">\n\t\t\t\t\t\t<div class=\"elementor-element elementor-element-3fac17b7 elementor-view-default elementor-position-block-start elementor-mobile-position-block-start elementor-widget elementor-widget-icon-box\" data-id=\"3fac17b7\" data-element_type=\"widget\" data-e-type=\"widget\" data-widget_type=\"icon-box.default\">\n\t\t\t\t<div class=\"elementor-widget-container\">\n\t\t\t\t\t\t\t<div class=\"elementor-icon-box-wrapper\">\n\n\t\t\t\t\t\t<div class=\"elementor-icon-box-icon\">\n\t\t\t\t<span  class=\"elementor-icon\">\n\t\t\t\t<i aria-hidden=\"true\" class=\"fas fa-bus\"><\/i>\t\t\t\t<\/span>\n\t\t\t<\/div>\n\t\t\t\n\t\t\t\t\t\t<div class=\"elementor-icon-box-content\">\n\n\t\t\t\t\t\t\t\t\t<h3 class=\"elementor-icon-box-title\">\n\t\t\t\t\t\t<span  >\n\t\t\t\t\t\t\tRegi\u00f3n Sobrance\t\t\t\t\t\t<\/span>\n\t\t\t\t\t<\/h3>\n\t\t\t\t\n\t\t\t\t\n\t\t\t<\/div>\n\t\t\t\n\t\t<\/div>\n\t\t\t\t\t\t<\/div>\n\t\t\t\t<\/div>\n\t\t\t\t<div class=\"elementor-element elementor-element-3c8538cd elementor-widget elementor-widget-text-editor\" data-id=\"3c8538cd\" data-element_type=\"widget\" data-e-type=\"widget\" data-widget_type=\"text-editor.default\">\n\t\t\t\t<div class=\"elementor-widget-container\">\n\t\t\t\t\t\t\t\t\t<p><a href=\"https:\/\/arriva.sk\/michalovce\/regionalna-doprava\/cestovne-poriadky\/#sobrance\">12 liniek<\/a><\/p>\t\t\t\t\t\t\t\t<\/div>\n\t\t\t\t<\/div>\n\t\t\t\t\t<\/div>\n\t\t<\/div>\n\t\t\t\t<div class=\"elementor-column elementor-col-33 elementor-inner-column elementor-element elementor-element-58c8fca9\" data-id=\"58c8fca9\" data-element_type=\"column\" data-e-type=\"column\">\n\t\t\t<div class=\"elementor-widget-wrap elementor-element-populated\">\n\t\t\t\t\t\t<div class=\"elementor-element elementor-element-65498316 elementor-view-default elementor-position-block-start elementor-mobile-position-block-start elementor-widget elementor-widget-icon-box\" data-id=\"65498316\" data-element_type=\"widget\" data-e-type=\"widget\" data-widget_type=\"icon-box.default\">\n\t\t\t\t<div class=\"elementor-widget-container\">\n\t\t\t\t\t\t\t<div class=\"elementor-icon-box-wrapper\">\n\n\t\t\t\t\t\t<div class=\"elementor-icon-box-icon\">\n\t\t\t\t<span  class=\"elementor-icon\">\n\t\t\t\t<i aria-hidden=\"true\" class=\"fas fa-bus\"><\/i>\t\t\t\t<\/span>\n\t\t\t<\/div>\n\t\t\t\n\t\t\t\t\t\t<div class=\"elementor-icon-box-content\">\n\n\t\t\t\t\t\t\t\t\t<h3 class=\"elementor-icon-box-title\">\n\t\t\t\t\t\t<span  >\n\t\t\t\t\t\t\tRegi\u00f3n Trebi\u0161ov\t\t\t\t\t\t<\/span>\n\t\t\t\t\t<\/h3>\n\t\t\t\t\n\t\t\t\t\n\t\t\t<\/div>\n\t\t\t\n\t\t<\/div>\n\t\t\t\t\t\t<\/div>\n\t\t\t\t<\/div>\n\t\t\t\t<div class=\"elementor-element elementor-element-29b30504 elementor-widget elementor-widget-text-editor\" data-id=\"29b30504\" data-element_type=\"widget\" data-e-type=\"widget\" data-widget_type=\"text-editor.default\">\n\t\t\t\t<div class=\"elementor-widget-container\">\n\t\t\t\t\t\t\t\t\t<p><a href=\"https:\/\/arriva.sk\/michalovce\/regionalna-doprava\/cestovne-poriadky\/#trebisov\">28 liniek<\/a><\/p>\t\t\t\t\t\t\t\t<\/div>\n\t\t\t\t<\/div>\n\t\t\t\t\t<\/div>\n\t\t<\/div>\n\t\t\t\t\t<\/div>\n\t\t<\/section>\n\t\t\t\t\t<\/div>\n\t\t<\/div>\n\t\t\t\t\t<\/div>\n\t\t<\/section>\n\t\t\t\t<section class=\"elementor-section elementor-top-section elementor-element elementor-element-73378708 elementor-section-boxed elementor-section-height-default elementor-section-height-default\" data-id=\"73378708\" data-element_type=\"section\" data-e-type=\"section\" id=\"mesto\" data-settings=\"{&quot;background_background&quot;:&quot;classic&quot;}\">\n\t\t\t\t\t\t<div class=\"elementor-container elementor-column-gap-default\">\n\t\t\t\t\t<div class=\"elementor-column elementor-col-100 elementor-top-column elementor-element elementor-element-41fcd135\" data-id=\"41fcd135\" data-element_type=\"column\" data-e-type=\"column\">\n\t\t\t<div class=\"elementor-widget-wrap elementor-element-populated\">\n\t\t\t\t\t\t<div class=\"elementor-element elementor-element-dc3c1da elementor-widget-divider--view-line elementor-widget elementor-widget-divider\" data-id=\"dc3c1da\" data-element_type=\"widget\" data-e-type=\"widget\" data-widget_type=\"divider.default\">\n\t\t\t\t<div class=\"elementor-widget-container\">\n\t\t\t\t\t\t\t<div class=\"elementor-divider\">\n\t\t\t<span class=\"elementor-divider-separator\">\n\t\t\t\t\t\t<\/span>\n\t\t<\/div>\n\t\t\t\t\t\t<\/div>\n\t\t\t\t<\/div>\n\t\t\t\t\t<\/div>\n\t\t<\/div>\n\t\t\t\t\t<\/div>\n\t\t<\/section>\n\t\t\t\t<\/div>\n\t\t","protected":false},"excerpt":{"rendered":"<p>Cestovn\u00e9 poriadky Cestovn\u00fd poriadok pon\u00faka s\u00fahrnn\u00fd preh\u013ead v\u0161etk\u00fdch spojov danej linky. Vyh\u013eadajte si spojenie alebo n\u00e1jdite cestovn\u00fd poriadok v\u00e1\u0161ho spoja Cestovn\u00e9 poriadky region\u00e1lnej autobusovej dopravy Cestovn\u00e9 poriadky mestskej autobusovej dopravy Region\u00e1lna autobusov\u00e1 doprava Regi\u00f3n Michalovce 21 liniek Regi\u00f3n Sobrance 12 liniek Regi\u00f3n Trebi\u0161ov 28 liniek<\/p>\n","protected":false},"author":66,"featured_media":0,"parent":0,"menu_order":0,"comment_status":"closed","ping_status":"closed","template":"","meta":{"_acf_changed":false,"footnotes":""},"class_list":["post-15320","page","type-page","status-publish","hentry"],"acf":[],"yoast_head":"<!-- This site is optimized with the Yoast SEO plugin v27.2 - https:\/\/yoast.com\/product\/yoast-seo-wordpress\/ -->\n<title>Cestovn\u00e9 poriadky autobusovej dopravy - ARRIVA Michalovce<\/title>\n<meta name=\"description\" content=\"Cestovn\u00e9 poriadky a sch\u00e9my mestskej a region\u00e1lnej autobusovej dopravy v Ko\u0161ickom Kraji.\" \/>\n<meta name=\"robots\" content=\"index, follow, max-snippet:-1, max-image-preview:large, max-video-preview:-1\" \/>\n<link rel=\"canonical\" href=\"https:\/\/arriva.sk\/michalovce\/cestovne-poriadky\/\" \/>\n<meta property=\"og:locale\" content=\"sk_SK\" \/>\n<meta property=\"og:type\" content=\"article\" \/>\n<meta property=\"og:title\" content=\"Cestovn\u00e9 poriadky autobusovej dopravy v Ko\u0161ickom kraji\" \/>\n<meta property=\"og:description\" content=\"Cestovn\u00e9 poriadky a sch\u00e9my mestskej a region\u00e1lnej autobusovej dopravy v Ko\u0161ickom Kraji.\" \/>\n<meta property=\"og:url\" content=\"https:\/\/arriva.sk\/michalovce\/cestovne-poriadky\/\" \/>\n<meta property=\"og:site_name\" content=\"ARRIVA Michalovce\" \/>\n<meta property=\"article:modified_time\" content=\"2025-01-15T21:22:04+00:00\" \/>\n<meta property=\"og:image\" content=\"https:\/\/arriva.sk\/michalovce\/wp-content\/uploads\/sites\/20\/2024\/01\/403754893_819530863516629_9216473722984392749_n-1030x687.jpg\" \/>\n<meta name=\"twitter:card\" content=\"summary_large_image\" \/>\n<meta name=\"twitter:label1\" content=\"Predpokladan\u00fd \u010das \u010d\u00edtania\" \/>\n\t<meta name=\"twitter:data1\" content=\"1 min\u00fata\" \/>\n<script type=\"application\/ld+json\" class=\"yoast-schema-graph\">{\"@context\":\"https:\/\/schema.org\",\"@graph\":[{\"@type\":\"WebPage\",\"@id\":\"https:\/\/arriva.sk\/michalovce\/cestovne-poriadky\/\",\"url\":\"https:\/\/arriva.sk\/michalovce\/cestovne-poriadky\/\",\"name\":\"Cestovn\u00e9 poriadky autobusovej dopravy - ARRIVA Michalovce\",\"isPartOf\":{\"@id\":\"https:\/\/arriva.sk\/michalovce\/#website\"},\"primaryImageOfPage\":{\"@id\":\"https:\/\/arriva.sk\/michalovce\/cestovne-poriadky\/#primaryimage\"},\"image\":{\"@id\":\"https:\/\/arriva.sk\/michalovce\/cestovne-poriadky\/#primaryimage\"},\"thumbnailUrl\":\"https:\/\/arriva.sk\/michalovce\/wp-content\/uploads\/sites\/20\/2024\/01\/403754893_819530863516629_9216473722984392749_n-1030x687.jpg\",\"datePublished\":\"2021-10-20T16:57:30+00:00\",\"dateModified\":\"2025-01-15T21:22:04+00:00\",\"description\":\"Cestovn\u00e9 poriadky a sch\u00e9my mestskej a region\u00e1lnej autobusovej dopravy v Ko\u0161ickom Kraji.\",\"breadcrumb\":{\"@id\":\"https:\/\/arriva.sk\/michalovce\/cestovne-poriadky\/#breadcrumb\"},\"inLanguage\":\"sk-SK\",\"potentialAction\":[{\"@type\":\"ReadAction\",\"target\":[\"https:\/\/arriva.sk\/michalovce\/cestovne-poriadky\/\"]}]},{\"@type\":\"ImageObject\",\"inLanguage\":\"sk-SK\",\"@id\":\"https:\/\/arriva.sk\/michalovce\/cestovne-poriadky\/#primaryimage\",\"url\":\"https:\/\/arriva.sk\/michalovce\/wp-content\/uploads\/sites\/20\/2024\/01\/403754893_819530863516629_9216473722984392749_n.jpg\",\"contentUrl\":\"https:\/\/arriva.sk\/michalovce\/wp-content\/uploads\/sites\/20\/2024\/01\/403754893_819530863516629_9216473722984392749_n.jpg\",\"width\":1440,\"height\":960},{\"@type\":\"BreadcrumbList\",\"@id\":\"https:\/\/arriva.sk\/michalovce\/cestovne-poriadky\/#breadcrumb\",\"itemListElement\":[{\"@type\":\"ListItem\",\"position\":1,\"name\":\"Home\",\"item\":\"https:\/\/arriva.sk\/michalovce\/\"},{\"@type\":\"ListItem\",\"position\":2,\"name\":\"Cestovn\u00e9 poriadky\"}]},{\"@type\":\"WebSite\",\"@id\":\"https:\/\/arriva.sk\/michalovce\/#website\",\"url\":\"https:\/\/arriva.sk\/michalovce\/\",\"name\":\"ARRIVA Michalovce\",\"description\":\"Autobusov\u00e1 doprava v ko\u0161ickom regi\u00f3ne\",\"publisher\":{\"@id\":\"https:\/\/arriva.sk\/michalovce\/#organization\"},\"potentialAction\":[{\"@type\":\"SearchAction\",\"target\":{\"@type\":\"EntryPoint\",\"urlTemplate\":\"https:\/\/arriva.sk\/michalovce\/?s={search_term_string}\"},\"query-input\":{\"@type\":\"PropertyValueSpecification\",\"valueRequired\":true,\"valueName\":\"search_term_string\"}}],\"inLanguage\":\"sk-SK\"},{\"@type\":\"Organization\",\"@id\":\"https:\/\/arriva.sk\/michalovce\/#organization\",\"name\":\"ARRIVA Nitra\",\"url\":\"https:\/\/arriva.sk\/michalovce\/\",\"logo\":{\"@type\":\"ImageObject\",\"inLanguage\":\"sk-SK\",\"@id\":\"https:\/\/arriva.sk\/michalovce\/#\/schema\/logo\/image\/\",\"url\":\"https:\/\/arriva.sk\/midev\/wp-content\/uploads\/sites\/20\/2021\/11\/logo-nitra.png\",\"contentUrl\":\"https:\/\/arriva.sk\/midev\/wp-content\/uploads\/sites\/20\/2021\/11\/logo-nitra.png\",\"width\":300,\"height\":90,\"caption\":\"ARRIVA Nitra\"},\"image\":{\"@id\":\"https:\/\/arriva.sk\/michalovce\/#\/schema\/logo\/image\/\"}}]}<\/script>\n<!-- \/ Yoast SEO plugin. -->","yoast_head_json":{"title":"Cestovn\u00e9 poriadky autobusovej dopravy - ARRIVA Michalovce","description":"Cestovn\u00e9 poriadky a sch\u00e9my mestskej a region\u00e1lnej autobusovej dopravy v Ko\u0161ickom Kraji.","robots":{"index":"index","follow":"follow","max-snippet":"max-snippet:-1","max-image-preview":"max-image-preview:large","max-video-preview":"max-video-preview:-1"},"canonical":"https:\/\/arriva.sk\/michalovce\/cestovne-poriadky\/","og_locale":"sk_SK","og_type":"article","og_title":"Cestovn\u00e9 poriadky autobusovej dopravy v Ko\u0161ickom kraji","og_description":"Cestovn\u00e9 poriadky a sch\u00e9my mestskej a region\u00e1lnej autobusovej dopravy v Ko\u0161ickom Kraji.","og_url":"https:\/\/arriva.sk\/michalovce\/cestovne-poriadky\/","og_site_name":"ARRIVA Michalovce","article_modified_time":"2025-01-15T21:22:04+00:00","og_image":[{"url":"https:\/\/arriva.sk\/michalovce\/wp-content\/uploads\/sites\/20\/2024\/01\/403754893_819530863516629_9216473722984392749_n-1030x687.jpg","type":"","width":"","height":""}],"twitter_card":"summary_large_image","twitter_misc":{"Predpokladan\u00fd \u010das \u010d\u00edtania":"1 min\u00fata"},"schema":{"@context":"https:\/\/schema.org","@graph":[{"@type":"WebPage","@id":"https:\/\/arriva.sk\/michalovce\/cestovne-poriadky\/","url":"https:\/\/arriva.sk\/michalovce\/cestovne-poriadky\/","name":"Cestovn\u00e9 poriadky autobusovej dopravy - ARRIVA Michalovce","isPartOf":{"@id":"https:\/\/arriva.sk\/michalovce\/#website"},"primaryImageOfPage":{"@id":"https:\/\/arriva.sk\/michalovce\/cestovne-poriadky\/#primaryimage"},"image":{"@id":"https:\/\/arriva.sk\/michalovce\/cestovne-poriadky\/#primaryimage"},"thumbnailUrl":"https:\/\/arriva.sk\/michalovce\/wp-content\/uploads\/sites\/20\/2024\/01\/403754893_819530863516629_9216473722984392749_n-1030x687.jpg","datePublished":"2021-10-20T16:57:30+00:00","dateModified":"2025-01-15T21:22:04+00:00","description":"Cestovn\u00e9 poriadky a sch\u00e9my mestskej a region\u00e1lnej autobusovej dopravy v Ko\u0161ickom Kraji.","breadcrumb":{"@id":"https:\/\/arriva.sk\/michalovce\/cestovne-poriadky\/#breadcrumb"},"inLanguage":"sk-SK","potentialAction":[{"@type":"ReadAction","target":["https:\/\/arriva.sk\/michalovce\/cestovne-poriadky\/"]}]},{"@type":"ImageObject","inLanguage":"sk-SK","@id":"https:\/\/arriva.sk\/michalovce\/cestovne-poriadky\/#primaryimage","url":"https:\/\/arriva.sk\/michalovce\/wp-content\/uploads\/sites\/20\/2024\/01\/403754893_819530863516629_9216473722984392749_n.jpg","contentUrl":"https:\/\/arriva.sk\/michalovce\/wp-content\/uploads\/sites\/20\/2024\/01\/403754893_819530863516629_9216473722984392749_n.jpg","width":1440,"height":960},{"@type":"BreadcrumbList","@id":"https:\/\/arriva.sk\/michalovce\/cestovne-poriadky\/#breadcrumb","itemListElement":[{"@type":"ListItem","position":1,"name":"Home","item":"https:\/\/arriva.sk\/michalovce\/"},{"@type":"ListItem","position":2,"name":"Cestovn\u00e9 poriadky"}]},{"@type":"WebSite","@id":"https:\/\/arriva.sk\/michalovce\/#website","url":"https:\/\/arriva.sk\/michalovce\/","name":"ARRIVA Michalovce","description":"Autobusov\u00e1 doprava v ko\u0161ickom regi\u00f3ne","publisher":{"@id":"https:\/\/arriva.sk\/michalovce\/#organization"},"potentialAction":[{"@type":"SearchAction","target":{"@type":"EntryPoint","urlTemplate":"https:\/\/arriva.sk\/michalovce\/?s={search_term_string}"},"query-input":{"@type":"PropertyValueSpecification","valueRequired":true,"valueName":"search_term_string"}}],"inLanguage":"sk-SK"},{"@type":"Organization","@id":"https:\/\/arriva.sk\/michalovce\/#organization","name":"ARRIVA Nitra","url":"https:\/\/arriva.sk\/michalovce\/","logo":{"@type":"ImageObject","inLanguage":"sk-SK","@id":"https:\/\/arriva.sk\/michalovce\/#\/schema\/logo\/image\/","url":"https:\/\/arriva.sk\/midev\/wp-content\/uploads\/sites\/20\/2021\/11\/logo-nitra.png","contentUrl":"https:\/\/arriva.sk\/midev\/wp-content\/uploads\/sites\/20\/2021\/11\/logo-nitra.png","width":300,"height":90,"caption":"ARRIVA Nitra"},"image":{"@id":"https:\/\/arriva.sk\/michalovce\/#\/schema\/logo\/image\/"}}]}},"_links":{"self":[{"href":"https:\/\/arriva.sk\/michalovce\/wp-json\/wp\/v2\/pages\/15320","targetHints":{"allow":["GET"]}}],"collection":[{"href":"https:\/\/arriva.sk\/michalovce\/wp-json\/wp\/v2\/pages"}],"about":[{"href":"https:\/\/arriva.sk\/michalovce\/wp-json\/wp\/v2\/types\/page"}],"author":[{"embeddable":true,"href":"https:\/\/arriva.sk\/michalovce\/wp-json\/wp\/v2\/users\/66"}],"replies":[{"embeddable":true,"href":"https:\/\/arriva.sk\/michalovce\/wp-json\/wp\/v2\/comments?post=15320"}],"version-history":[{"count":28,"href":"https:\/\/arriva.sk\/michalovce\/wp-json\/wp\/v2\/pages\/15320\/revisions"}],"predecessor-version":[{"id":31650,"href":"https:\/\/arriva.sk\/michalovce\/wp-json\/wp\/v2\/pages\/15320\/revisions\/31650"}],"wp:attachment":[{"href":"https:\/\/arriva.sk\/michalovce\/wp-json\/wp\/v2\/media?parent=15320"}],"curies":[{"name":"wp","href":"https:\/\/api.w.org\/{rel}","templated":true}]}}